 + 0*y**3 + 5*y**2 + 2*y**3. Let v be z(-5). What is the units digit of 14/v*6/4?
7
Let f(p) be the third derivative of p**4/8 + 2*p**3/3 - p**2. What is the units digit of f(5)?
9
Suppose -2*a - 6 = 0, 2*a - 69 = -3*t - 2*a. What is the units digit of t?
7
Let u(y) = -y**2 - y. Let w be u(-1). Suppose -5*f - 46 + 11 = w. Let r(i) = i**3 + 7*i**2 - 2*i - 5. What is the units digit of r(f)?
9
Let y be 2 - (-2 + 24/(-3)). Suppose -y*r - 120 = -8*r. What is the units digit of (r/(-40))/((-1)/(-16))?
2
Let r(j) = -j + 3. Let g be r(6). Let z be 12 + (2 - 5) + g. What is the units digit of z/2 - (-9 + 3)?
9
Let q(a) = a**2 - a - 13. What is the tens digit of q(11)?
9
Let r = 313 + -165. What is the hundreds digit of r?
1
Suppose -17 = -4*g + 3*t, 0 = -0*g - g - 5*t - 13. Suppose g = -5*o - 3. Let p(q) = -4*q. What is the units digit of p(o)?
4
Suppose 0 = -2*x - 3*c + 23, 2*c - 3 = -1. What is the units digit of x?
0
Let d be (-80)/12*(-6)/4. Let b = 16 - d. Suppose 0 = -3*f - 2*f - 3*t + b, -4*f - 5*t - 3 = 0. What is the units digit of f?
3
Let w be (-3)/(-2 - 3/(-6)). Let q = 0 + w. What is the units digit of q?
2
Suppose 3*t = -2*t. Suppose -2*j = -2*l - 1 - 1, -l = t. What is the units digit of j?
1
Let x(u) = -u - 1. Let j be x(-5). Suppose 0*a = -2*w + 3*a - 1, j*a + 8 = 5*w. Suppose -71 = -w*i + s, -5*i + s = -13 - 75. What is the units digit of i?
7
Let m = 258 + -148. What is the tens digit of m?
1
Let u(p) = p**3 + 7*p**2 - 7*p. Let f be u(-8). Let d = f + 6. What is the units digit of -2*(2/d - 0)?
2
Suppose 2*g - 118 = -4*p, -2*g - 4*p = -2*p - 108. What is the units digit of g?
9
Suppose 5 = 2*g - 5. What is the units digit of g?
5
Let k(u) = 28*u**2 - 1. What is the units digit of k(1)?
7
Let d = -20 + 35. Let g = d - -32. What is the units digit of g?
7
What is the units digit of 2/(4 + -2)*(-12 - -13)?
1
What is the units digit of (-5 + 8)/(2/1)*66?
9
Let j(y) = -y. Let f(q) = 6*q. Let v(o) = 3*f(o) + 15*j(o). Let h(n) = n**3 + 10*n**2 - n - 7. Let i be h(-10). What is the units digit of v(i)?
9
Suppose -43 = -s - 15. What is the units digit of s?
8
Let t = 141 - 9. Suppose 0 = 5*k + 4*i - 203, -t = -3*k + 2*i - i. What is the units digit of k?
3
Suppose 3*q - 141 = -5*h, -4*h + 37 = q - 17. What is the units digit of q?
2
Let g be -2*1/((-2)/9). Let p = g + -1. What is the units digit of p?
8
Suppose 0 = -5*i + 11 - 1. Suppose 0*n + 20 = -5*n + i*g, -4*n - 4*g = 44. Let f = n - -7. What is the units digit of f?
1
Let q(k) = -1 + 5 + 2*k**2 - k - 3*k**2. Let f be q(-3). What is the units digit of -2 + 0 - f*2?
2
Suppose -a = -0*a - 105. What is the hundreds digit of a?
1
Suppose -d = 3*d - 20. Suppose -a = 4*i - 123, -18 = d*a + 7. Suppose -i - 33 = -5*n. What is the units digit of n?
3
Let q(h) = 13*h**2 + 5*h - 6. What is the units digit of q(2)?
6
Let t = -189 + 266. Suppose -3*p - 11 = -t. What is the tens digit of p?
2
Let x(u) = u**3 - 4*u**2 + 3*u + 10. What is the units digit of x(6)?
0
Let a(u) = u**3 + 5*u**2 + u - 4. Let l be a(-3). Suppose y + y = -2*p - 2, -4*p + y + l = 0. What is the units digit of p?
2
Suppose -2*n = b - 7, -9 = -2*n + 4*b - 7*b. What is the tens digit of n/6*4 - -22?
2
Suppose 5*r - 3*l - 22 = 0, 0*r - l = -4*r + 12. Suppose -4*j + 2*i - i + 15 = 0, r*j + 4*i - 30 = 0. Let m = j - 0. What is the units digit of m?
5
Let m = -119 + 196. What is the tens digit of m?
7
Suppose -7 = -3*m + 101. What is the tens digit of m?
3
Let h(x) = -80*x - 8. What is the tens digit of h(-3)?
3
Let m(j) = j + 5. Let y be m(-8). What is the units digit of 2 - 3/y*7?
9
Let i = 3 + 1. Suppose -22 = -i*c + 18. What is the units digit of c?
0
Let t = 20 + -17. Suppose -2*w - 2*w + 8 = j, 0 = 3*j - t*w - 24. What is the units digit of j?
8
Let a = 13 - 9. Let y(t) = -t**3 + 5*t**2 + 6*t - 2. Let b be y(6). What is the units digit of b/(-6)*(a + -1)?
1
Let w(y) be the second derivative of -y**3/6 + 6*y**2 + y. Let b be w(6). Suppose -a + b*a = 70. What is the units digit of a?
4
Suppose 4*t + 46 = 5*m, 2*m + 3*t = t + 4. Let j(g) = 5 + 0*g - m - 5*g. What is the units digit of j(-1)?
4
What is the tens digit of 46 - (6/(-4))/((-39)/104)?
4
Let m be (-261 - (-1 + 0)) + 2. Let y be m/(-21) - (-2)/(-7). Let o = -8 + y. What is the units digit of o?
4
Let b(q) = 182*q**2 + 4*q - 3. What is the tens digit of b(1)?
8
Let h be ((-6)/4)/((-24)/(-416)). Let b = -9 - h. What is the tens digit of b?
1
Let t = -9 - -17. Let i = 30 - 26. Suppose k + 0*k = 0, i*y - 2*k = t. What is the units digit of y?
2
Let x(q) = 2*q + 10. Let c = 11 - 5. What is the tens digit of x(c)?
2
Let w = 3 - -10. Let r = w - -6. What is the tens digit of r?
1
Let d(t) = t**3 + 6*t**2 + 4*t - 5. Let j be d(-5). Suppose 0 = -3*m - 3*x + 39, 2*x + j*x = 2*m - 14. What is the tens digit of m?
1
Let u(o) = -2*o**2 - 57*o - 36. What is the hundreds digit of u(-23)?
2
Let s(g) = g**3 - 7*g**2 - 6*g - 42. What is the hundreds digit of s(10)?
1
What is the units digit of 44 - 9/(-3) - 4?
3
Let l be (-1 - 1)*6/(-4). Let y = 15 - l. What is the tens digit of y?
1
Let n(u) = u**3 + 7*u**2 - 10*u - 6. What is the tens digit of n(-7)?
6
Let c(z) = 16*z + 24. Let d(f) = -5*f - 8. Let k(r) = 2*c(r) + 7*d(r). Suppose 5*x + 2 = -28. What is the units digit of k(x)?
0
Let h(x) = -5*x - 77. Let t(w) = w + 19. Let g(n) = 2*h(n) + 9*t(n). What is the units digit of g(10)?
7
Let h = 177 - 124. What is the tens digit of h?
5
Suppose -t + 6*t - 73 = -3*k, 5*k - 90 = -2*t. What is the units digit of k?
6
Let d = -34 - -73. Suppose 3*p + 2*p - d = -3*m, -4*p - 20 = -4*m. What is the units digit of m?
8
What is the units digit of 15/(120/2192) - 2*1?
2
Suppose -t + d = -4 - 3, 5*t = -3*d + 43. What is the units digit of t?
8
Let f be 2/(-4) - 33/(-6). Suppose -88 = -f*x + x. What is the units digit of x?
2
Let a = 99 - 32. What is the tens digit of a?
6
Suppose -3*j - 344 = 4*t, 3*j + 346 = -5*t - 0. Let o = -68 - j. What is the tens digit of o?
4
Let q(i) = 6*i - 6. Let b be q(8). Suppose 0 = -5*d - 2*x - b, 5*x = 5*d + 33 + 37. Let r = -4 - d. What is the units digit of r?
6
Let y(i) = i**3 - 3*i**2 - i - 1. Let t be y(3). What is the tens digit of (t - 0)*(-138)/24?
2
Let n = -1 + 27. Let g = n - 17. What is the units digit of g?
9
Let v be (-1)/(-2*4/(-80)). Let p = v + 51. What is the units digit of p?
1
Let f be 0 - -2 - (-2 + 0). Suppose 2*v + f*y = -22 - 28, -4*v + 2*y - 140 = 0. Let c = v - -50. What is the tens digit of c?
1
Let v = -1 - -3. Let s(j) = -v - 4 - 3*j + 3. What is the tens digit of s(-5)?
1
Let c be ((-1)/(-1))/((-2)/4). What is the tens digit of c/8 - 77/(-4)?
1
Let c be 3 + -12 - (1 + 1). Let a be c + (0 - (-6)/3). Let m = a - -17. What is the units digit of m?
8
Let n be ((-32)/(-10))/((-2)/(-10)). Suppose -5*a + 4*a = -n. What is the tens digit of a?
1
Let f(s) = s**3 + 4*s**2 - 5*s + 1. Let a = 1 + -6. What is the units digit of f(a)?
1
Let x = -24 + 51. What is the tens digit of x?
2
Suppose -20 = -0*u - u. Suppose 3*z + u = -2*z. What is the units digit of (-3)/z + (-1)/(-4)?
1
Let f be (-1)/(-2) - (-19)/(-2). Let m = f + 25. What is the units digit of m?
6
Let g(w) = -w**3 + w**2 + 3*w + 4. Let s be g(-4). Suppose -5*t + s = 17. What is the tens digit of t?
1
Let b = -5 + 8. Suppose b*v - 33 = 2*t - 4, t - 5 = 0. What is the units digit of v?
3
Suppose -4*d = 2*f - 32 - 28, 130 = 3*f - 2*d. Suppose 0 = 5*v - 0*v - f. What is the units digit of v?
8
Let m be ((-8)/(-12))/((-1)/(-3)). Let v = m + 10. What is the tens digit of v?
1
Suppose -12*a + 803 = -1345. What is the tens digit of a?
7
Let t be (-4)/10*(-1 + -9). Suppose t*m - 5 = 7. What is the units digit of (0 + (-6)/m)/(-1)?
2
Let g be 9 + 49 - (-2 + 0). Suppose -5*a + g = -2*a. What is the tens digit of a?
2
Let j be -1 + 2 + (1 - 0). Suppose -3*v - v - 4 = -4*d, 0 = -5*d - 5*v + 35. Suppose j*p - 4*p = -d. What is the units digit of p?
2
Let o(s) = 5*s. Let z(n) = -6*n + 1. Let l(t) = 4*o(t) + 3*z(t). What is the tens digit of l(7)?
1
Let f(n) = -n**2 - 7*n - 2. Suppose 5*t + 5*w = 35, t - w = 2*w - 13. Suppose -3*o + 3*v - 24 = 0, t*v + 5 = -3*o - 9. What is the units digit of f(o)?
4
Let a(y) = y**3 - 5*y**2 + 3*y + 4. Let l be a(4). Suppose l*g + 20 = 5*g. What is the units digit of g?
4
L